
Let f be (-2)/2*10/(-5). Let d be (f/(-3))/((-7)/42). Suppose 5*m + v - 213 = 2*v, d*m + 2*v = 162. List the prime factors of m.
2, 3, 7
Let s(v) = v**2 - 8*v + 18. Suppose 60 = -6*k + 11*k. What are the prime factors of s(k)?
2, 3, 11
Let u = -16 - -20. Suppose i - 6*y + 4*y = 47, -201 = -u*i - 5*y. Let h = i - 33. List the prime factors of h.
2
Let w = 6237 + -4448. List the prime factors of w.
1789
Let t be (-5 + 9)*(3 - 2). Suppose -t*b = -3*b - 2. Suppose 2 = v - b. What are the prime factors of v?
2
Let d = -11 + 14. Suppose 0 = -4*v + 3*i + 4, 4*i = d*v - 0*v + 4. List the prime factors of v.
2
Let r(y) = 3*y**2 + 3*y - 6. Let k be r(7). Let b = -32 + k. Suppose b = -0*w + 5*w. What are the prime factors of w?
2, 13
What are the prime factors of (-1)/3 + 4383/27 + -11?
151
Let c(v) = 147*v + 6 - 16 - 150*v. Let f be c(-7). Suppose 160 = f*t - 7*t. What are the prime factors of t?
2, 5
Let u be 8/(-12)*54/4. Let l(t) be the second derivative of t**4/12 + t**3 - 4*t**2 - t. What are the prime factors of l(u)?
19
Let g = -3591 - -6816. List the prime factors of g.
3, 5, 43
Let n = 6062 - 1266. List the prime factors of n.
2, 11, 109
Let o(a) = 5*a**2 - 21*a - 149. What are the prime factors of o(-8)?
3, 113
Let n(g) = g**3 + 20*g**2 - g - 15. Let m be n(-20). Suppose 3*l - 303 = -2*y - 22, -4*y - m*l = -567. List the prime factors of y.
2, 37
Let n = -7 + 10. Suppose -l - 2*l = 4*q - 31, -1 = -q - n*l. What are the prime factors of (-5)/(q/(-4)) - -7?
3
Suppose -75*t = -2*g - 76*t + 3352, -3350 = -2*g - 2*t. What are the prime factors of g?
3, 13, 43
Let n = -61 - 12. Let t = n - -123. List the prime factors of t.
2, 5
List the prime factors of (2236/16)/((-8)/(-64)).
2, 13, 43
Let d(f) = -33*f + 7. Let i be d(-2). Suppose -4*q = -3*b - 181 + 44, 2*q - i = -3*b. What are the prime factors of q?
5, 7
Let d(c) be the first derivative of -5*c**2/2 - 6*c + 2. Let g be d(-4). Let p = -10 + g. What are the prime factors of p?
2
Let x(s) = -56*s - 273. What are the prime factors of x(-54)?
3, 7, 131
Let d be 6/3 - -1 - 19. Let k be (42/(-8))/(2/d). Suppose -33 - k = -3*v. List the prime factors of v.
5
Let p(i) = -4*i**2 + 3*i + 753. List the prime factors of p(0).
3, 251
Let u(v) = v**3 + 12*v**2 + 15*v + 15. Suppose -3*t - 23 = 2*h, 0 = 4*h - t - 2*t + 37. List the prime factors of u(h).
5, 13
Suppose -85840 = 19*l - 59*l. List the prime factors of l.
2, 29, 37
Let g be (-2 - 40*-25) + -2. Suppose -4*m - 300 = -g. List the prime factors of m.
2, 3, 29
Suppose 15 + 35 = 10*w. Suppose w*v - 4*v = 272. List the prime factors of v.
2, 17
Let b be 2*(3 + -2) + -62. Let x = -2359 + 731. List the prime factors of x/b - (-4)/(-30).
3
Suppose 10*v - 31 = 6*v + 5*n, -90 = -5*v - 4*n. List the prime factors of v.
2, 7
What are the prime factors of (55 + 3 + -1)*6?
2, 3, 19
Let q = -4985 - -7069. List the prime factors of q.
2, 521
Let c(i) = -i**2 + 8*i + 3. Let d be c(6). Let x be (1 + -2)/((-2)/10). Let k = d + x. List the prime factors of k.
2, 5
Let k = -13 - -22. Suppose 5*b - 188 = k*b. Let t = b + 66. List the prime factors of t.
19
Let h(j) = -j**3 + 5*j**2 + 6*j. Let m be h(6). Suppose -3*x + 0*x - 2*a + 343 = m, -557 = -5*x + 4*a. What are the prime factors of x?
113
Let c be 169/52 - (-1)/(-4). Let d(q) = -20*q + 4. Let r be d(c). List the prime factors of 6 + -9 + r/(-2).
5
Suppose -17 = s - 19. Suppose -3*d = -s*d - 54. Suppose -2*i + 3*i = d. What are the prime factors of i?
2, 3
List the prime factors of -204*((-298)/66 + 20/110).
2, 13, 17
Suppose -4*f + 2*f = 0. Let j be (-3 + f)/(9/(-15)). Suppose 10*n - 305 = j*n. List the prime factors of n.
61
Suppose l - 8 = -1. Let r = l - -18. Suppose r = w - 12. List the prime factors of w.
37
Let v = -274 - -736. List the prime factors of v.
2, 3, 7, 11
Let t = -291 - -195. Let k = t + 173. List the prime factors of k.
7, 11
Suppose 4*f - 8 = -j, -3*j - j = 4*f + 4. Suppose -f*v = -3, b - 2*v = 3*b - 10. What are the prime factors of (-6)/8 + 91/b?
2, 11
Let y be 20*(8 + 4 + 2). Let z = y - 190. List the prime factors of z.
2, 3, 5
Let k be (-85)/(-17) + (1 - 0). Let p(o) = 15*o - 23. What are the prime factors of p(k)?
67
Let p be 1/1 + 13*-9. Let k = p + 32. Let q = -57 - k. What are the prime factors of q?
3
Let n = 17 + -15. Suppose 48 - 16 = n*c. Suppose -m + c = 3*m. List the prime factors of m.
2
Let d(i) = i**3 + 7*i**2 - 8*i - 6. Let f be d(-8). Let b = f - -12. What are the prime factors of (-4)/(-6) + 140/b?
2, 3
Suppose 3*x - 30 = -15. Suppose x*j - 10 = 5*w, 0 = -0*j + 2*j - w - 9. Suppose 2*d = 4*o + 60, 3*o - 2 - j = 0. What are the prime factors of d?
2, 3
Let s(w) be the second derivative of -w**4/12 + 7*w**3/6 - 3*w**2 + 7*w. Let c be s(5). What are the prime factors of (c/6)/(4/228)?
2, 19
What are the prime factors of (17/2)/(25/10 - 2)?
17
Let i = 64 + -39. Suppose v = 4*a - 16, 0*v + 3*a = 4*v + i. List the prime factors of 16/v*(-3)/4.
3
Let m(b) = 4*b**2 - 7*b**3 - 5*b**2 + 0*b**3 + 2*b**2. Let p be m(-1). Let y = p - -5. What are the prime factors of y?
13
Let u(t) = 2*t**3 + 4*t**2 + 2*t - 5. Let v be u(5). Suppose -3*d = 4*h - v, -5*d - 7*h + 3*h + 605 = 0. What are the prime factors of d?
5
Let d be (3/1)/(-3) - 2. Let l be (-208)/d + 16/24. Suppose 50 + 64 = 5*c + 4*x, 2*x = -3*c + l. List the prime factors of c.
2, 13
Let d = 41 - 36. Suppose -k = -d*i + 134, -3*i + 5*k = 2*k - 78. What are the prime factors of i?
3
Suppose 5*t = -5*w + 65, -4 = -4*t - 5*w + 46. Let q be (-3)/t - 22/(-10). Suppose -q*k = -4*f - f + 13, -3*f - 3*k + 12 = 0. List the prime factors of f.
3
What are the prime factors of 496/(45/105 - 8/(-14))?
2, 31
Let v be (356/(-8)*-4)/2. Suppose 4*n = 75 + v. What are the prime factors of n?
41
Suppose 2*v + 2*v - 12 = 0. Suppose -5*a + 41 = -4*h + 10, 0 = 4*a + v*h. Suppose 13 = -a*y + 43. List the prime factors of y.
2, 5
Let n(s) = -s**2 + 5*s + 8. Let b be n(6). Let d(u) = -3*u**3 + 2*u**3 - 6*u + 8*u**b - 6 + 15. What are the prime factors of d(7)?
2
Suppose -48*h + 20795 = -1285. List the prime factors of h.
2, 5, 23
Suppose 0 = p + 3 - 1. Let n be 12/4 + 0 - p. Suppose 0*z + 70 = n*z. List the prime factors of z.
2, 7
Let g = 42 - -735. List the prime factors of g.
3, 7, 37
Let p(i) = -i**3 - 8*i**2 - 8*i - 7. Let y be p(-7). Suppose 2*a + u - 290 = y, 0 = -2*a - 0*a - 4*u + 290. List the prime factors of a.
5, 29
Suppose a + d = 2155, a = d + 1917 + 230. What are the prime factors of a?
3, 239
Suppose -12*b + 25064 + 1288 = 0. List the prime factors of b.
2, 3, 61
Let n(b) = 13*b + 49. Let s(i) = -13*i - 49. Let w(l) = 5*n(l) + 4*s(l). What are the prime factors of w(15)?
2, 61
Suppose 4*r - u - 1355 = 0, 4*u + 1 - 5 = 0. What are the prime factors of r?
3, 113
Let r = 668 + -60. What are the prime factors of r?
2, 19
List the prime factors of -3 - 3444/(-1 + -2).
5, 229
List the prime factors of (-15)/6*((-1686)/10 + -11).
449
Let z(h) = -h**3 + 19*h**2 - h + 26. Let m be z(19). Suppose 2*v = 5 + m. What are the prime factors of v?
2, 3
Let a be (0 - -1) + (0 - -1) - 2. Suppose -2*n + o + o + 158 = a, 221 = 3*n + o. List the prime factors of n.
3, 5
Let c(n) = -5 + 0 - 58*n + 10*n - 59*n. What are the prime factors of c(-2)?
11, 19
Suppose 0 = 83*t - 82*t - 1456. What are the prime factors of t?
2, 7, 13
Let n(t) = 64*t**2 - t + 2. Let q be ((-5)/25*1)/(2/(-10)). What are the prime factors of n(q)?
5, 13
Let c = 241 - 106. Suppose 0 = -2*q + 4*l + 230, -5*q - 3*l + 401 + c = 0. List the prime factors of q.
109
List the prime factors of 1/(978/195 - 5).
5, 13
Let v = 166 - 96. Suppose 3*c = 4*c - v. What are the prime factors of c?
2, 5, 7
Let j = -13 + 48. Suppose 3*n = 4*t + 222, -4*n + 3*t = -j - 254. What are the prime factors of n?
2, 5, 7
Suppose 708 = x - 5*a - 484, x + 5*a = 1152. List the prime factors of x.
2, 293
Suppose -n - 2*z = -202, -5*n + 2*z = -2*z - 996. Suppose 16*u - n = 8*u. What are the prime factors of u?
5
Suppose -5 = 4*h + h, 14 = -s + 4*h. Let a = s - -65. What are the prime factors of a?
47
Let l(u) = u**3 - 18*u**2 + 41*u + 24. List the prime factors of l(21).
2, 3, 23
Suppose -8 = 4*x - 5*n, -7 = -3*x - 3*n + 14. Suppose 4 = a, 0 = 5*o - 0*o - x*a - 653. What are the prime factors of o?
7, 19
Let y(g) = 72